c(w) = w**3 - 6*w**2 - 6*w - 8. What is c(7)?
-1
Let k(b) = -b**2 - 5*b - 6. Give k(-5).
-6
Let b(h) = -35*h + 30. Give b(8).
-250
Let a(k) = -k**3 - 10*k**2 + 18*k - 78. Calculate a(-12).
-6
Let c(o) = o**2 - 8. Determine c(3).
1
Let l(g) = -g**2 - 22*g - 51. Calculate l(-3).
6
Let x(s) = s + 12. Determine x(-11).
1
Let l(t) = -2*t**2 - 10*t - 26. Calculate l(-6).
-38
Let m(f) = -13*f - 12. Determine m(-5).
53
Let k(w) = 4*w**2 + 7*w + 2. Determine k(-2).
4
Let t(m) = m**2 - 1. What is t(-2)?
3
Let q(i) = -i**3 + 4*i**2 - i - 5. Give q(5).
-35
Let d(l) = -l**3 - 8*l**2 + 6*l - 9. Give d(-9).
18
Let s(m) = 4*m**3 - 4*m**2 - 3*m - 1. Calculate s(-2).
-43
Let w(a) = -a**2 - 3*a. Determine w(-4).
-4
Let g(w) = 10*w - 2. Determine g(2).
18
Let d(n) = n**3 + 5*n**2 + 8*n + 2. Determine d(-4).
-14
Let y(l) = l**3 + 9*l**2 + 15*l - 14. What is y(-7)?
-21
Let a(l) = 2*l**2 + 2*l + 4. What is a(-2)?
8
Let b(y) = -y**3 - 3*y**2 + 3. Give b(-3).
3
Let j(t) = t - 3. What is j(7)?
4
Let i(h) = -h**3 - 4*h - 2. What is i(0)?
-2
Let l(d) = -3*d**2. What is l(-1)?
-3
Let o(h) = -h**3 + 17*h**2 + 18*h + 4. Determine o(18).
4
Let y(x) = x - 5. Calculate y(0).
-5
Let z(x) = -x**2 - 24*x + 56. What is z(-26)?
4
Let t(s) = -49*s - 1519. Determine t(-31).
0
Let p(r) = 12*r - 80. Calculate p(6).
-8
Let w(i) = i - 1. Determine w(-6).
-7
Let o(v) = -v**2 + 26*v - 91. Determine o(22).
-3
Let f(k) = 8*k**3 - k**2 - 7*k - 6. Give f(-1).
-8
Let k(r) = 26*r - 329. What is k(13)?
9
Let x(t) = -9*t + 70. Determine x(8).
-2
Let z(j) = -2*j - 20. Give z(-8).
-4
Let i(t) = -2*t**3 - 3*t**2 - t + 1. Determine i(-1).
1
Let v(u) = -u**3 + 15*u**2 + 24*u - 45. Give v(16).
83
Let b(i) = -3*i**3 + 2*i**2 - 4*i - 5. Give b(-1).
4
Let a(d) = -4*d + 2. Calculate a(-1).
6
Let y(t) = -28*t**3 - 2*t**2 - 2*t. Determine y(-1).
28
Let b(x) = -11*x + 23. Determine b(2).
1
Let p(f) = -f**2 + 9*f - 8. Calculate p(9).
-8
Let h(u) = -u**3 + 5*u**2 + 10*u + 20. Give h(6).
44
Let c(k) = k**2 + 19*k + 71. Give c(-10).
-19
Let o(b) = -b**3 + b**2 + 20*b - 47. Calculate o(3).
-5
Let d(i) = -i**2 - 31*i + 185. Give d(5).
5
Let n(t) = -3*t + 7. What is n(-6)?
25
Let g(z) = -z**3 - z**2 + 20*z + 1. What is g(4)?
1
Let s(f) = -5*f**2 - 3*f + 12. Calculate s(5).
-128
Let a(b) = b**2 + 15*b + 17. Give a(-15).
17
Let d(f) = f**2 - 2*f - 49. Give d(8).
-1
Let x(q) = 2*q**2 + 12*q + 3. Give x(-8).
35
Let t(r) = r**3 - 6*r**2 + 5*r + 3. Calculate t(4).
-9
Let z(j) = j**3 + 11*j**2 + 9*j - 8. What is z(-10)?
2
Let r(c) = 2*c**2 + 5*c + 1. Determine r(-3).
4
Let t(g) = 12*g + 1. Calculate t(-2).
-23
Let h(k) = k**3 + 18*k**2 + 32*k + 1. Calculate h(-16).
1
Let i(a) = -a**3 - 71*a**2 - 69*a + 66. What is i(-70)?
-4
Let o(h) = 4*h + 5. What is o(-5)?
-15
Let z(f) = f**3 + 8*f**2 - f - 1. What is z(-8)?
7
Let k(h) = h**3 + 7*h**2 - 3*h + 1. Determine k(-7).
22
Let w(p) = 2*p**2 - 17*p - 219. What is w(-7)?
-2
Let u(c) = c**3 + c**2 - 2*c + 17. Determine u(0).
17
Let k(g) = 17*g + 59. Give k(-6).
-43
Let y(u) = 6*u**3 - 2*u. What is y(-3)?
-156
Let f(j) = 2*j - 1. Calculate f(3).
5
Let c(k) = 3*k**3 - 2*k**2 - 2*k + 1. Calculate c(2).
13
Let l(j) = -j**2 - 18*j - 11. What is l(-19)?
-30
Let r(j) = -j**2 - 10*j + 4. Calculate r(-10).
4
Let k(g) = 46*g**2 + 6*g + 1. Calculate k(-1).
41
Let p(h) = h**3 + 16*h**2 + 15*h - 3. What is p(-15)?
-3
Let i(l) = 78*l - 6. Calculate i(1).
72
Let v(k) = -k**2 - 4*k + 6. What is v(-6)?
-6
Let n(u) = -u**3 - 6*u**2 + 10*u + 52. What is n(-6)?
-8
Let h(x) = 2*x**2 - 13*x + 3. Give h(6).
-3
Let i(a) = a**2 - 36*a + 129. Give i(32).
1
Let x(h) = h**2 + 5*h - 7. Calculate x(-7).
7
Let i(l) = l**3 + 15*l**2 + 55*l + 11. Give i(-9).
2
Let l(b) = b**3 + 11*b**2 - 7. Calculate l(-11).
-7
Let q(u) = u**3 + 5*u**2 - 10*u - 18. Calculate q(-6).
6
Let z(r) = -r**3 + 5*r**2 + 84*r + 7. Determine z(12).
7
Let l(j) = 3*j - 6. Determine l(-7).
-27
Let x(b) = -b**3 - 7*b**2 - 9*b + 4. Determine x(-4).
-8
Let j(w) = -w**3 + 2*w**2 - 2*w + 76. Determine j(0).
76
Let v(c) = -8*c**2 - 5*c + 1. What is v(-4)?
-107
Let q(x) = x + 9. Determine q(-7).
2
Let s(x) = -x**2 + 7*x - 18. Calculate s(4).
-6
Let z(c) = -2*c + 39. Determine z(17).
5
Let u(a) = -a**3 - 21*a**2 - 21*a - 16. What is u(-20)?
4
Let v(r) = r**2 + 11*r + 19. Determine v(-8).
-5
Let k(o) = -5*o**2 + 47*o - 14. Determine k(9).
4
Let c(v) = -v**3 + 20*v**2 + 3*v - 43. Calculate c(20).
17
Let c(x) = x + 7. Determine c(-6).
1
Let u(c) = -c**3 + 17*c**2 - 30*c - 16. Determine u(15).
-16
Let z(u) = -4*u + 71. Determine z(15).
11
Let u(o) = 2*o - 13. Determine u(7).
1
Let r(x) = 33*x + 468. Calculate r(-14).
6
Let d(k) = -k**2 - k - 7. Determine d(0).
-7
Let w(k) = k**2 + k - 7. Determine w(-9).
65
Let d(g) = 42*g - 165. Calculate d(4).
3
Let x(z) = z - 19. Calculate x(5).
-14
Let r(o) = -o**2 + 10*o - 6. Determine r(5).
19
Let j(f) = 19*f + 72. Give j(-5).
-23
Let w(k) = k + 22. Give w(0).
22
Let c(u) = u**2 + 4*u + 1. What is c(-5)?
6
Let f(g) = 74*g + 533. Give f(-7).
15
Let h(m) = -6*m**2 - 30*m - 6. Determine h(-4).
18
Let t(a) = -a**3 - 6*a**2 - 3*a + 13. Give t(4).
-159
Let c(j) = -29*j + 2. Give c(1).
-27
Let f(t) = 2*t**2 + 25*t + 35. What is f(-11)?
2
Let l(x) = x - 6. What is l(7)?
1
Let n(j) = j**3 - 4*j**2 + 14*j - 24. Determine n(2).
-4
Let m(d) = -d**3 - 4*d**2 - 2*d - 2. Determine m(-4).
6
Let i(v) = -v**3 + 8*v**2 - 2*v + 12. Calculate i(8).
-4
Let w(n) = n**2 - 38*n + 231. Calculate w(8).
-9
Let r(w) = 3*w**3 + 3*w**2 - 2*w. Calculate r(-2).
-8
Let o(k) = 2*k - 32. What is o(13)?
-6
Let t(s) = -3*s - 64. Calculate t(-26).
14
Let w(z) = -2*z**2 + 6*z + 15. Give w(5).
-5
Let n(h) = -2*h**2 + 18*h - 10. Determine n(7).
18
Let f(h) = h**3 - 7*h**2 - 10*h + 1. Calculate f(8).
-15
Let s(z) = -z**2 + 8*z - 6. Give s(7).
1
Let g(q) = -q**3 - 9*q**2 - 17*q + 10. What is g(-6)?
4
Let c(v) = -46*v - 433. What is c(-9)?
-19
Let p(h) = -8*h - 74. Calculate p(14).
-186
Let i(a) = 22*a**2 + 3*a - 2. Calculate i(1).
23
Let q(i) = -3*i**2 + 5*i + 4. What is q(4)?
-24
Let m(r) = -r**3 + 13*r**2 - 4*r + 55. Determine m(13).
3
Let t(c) = 2*c**3 - 34*c**2 - 4*c + 73. Give t(17).
5
Let q(n) = -n**2 + 5*n + 6. Calculate q(6).
0
Let v(f) = -f + 11. Determine v(6).
5
Let r(q) = q**3 - 11*q**2 + 2*q - 15. Determine r(11).
7
Let b(c) = 3*c**2 - c - 14. Calculate b(4).
30
Let u(i) = i**3 - 3*i**2 + 5. Give u(4).
21
Let x(k) = k**3 + 12*k**2 - 4*k - 50. What is x(-12)?
-2
Let l(g) = g**3 - 6*g**2 - g - 3. What is l(6)?
-9
Let t(d) = d - 3. Calculate t(2).
-1
Let a(w) = w**3 + 5. Calculate a(-3).
-22
Let t(v) = 18*v - 40. Calculate t(2).
-4
Let z(o) = 8*o - 55. Give z(7).
1
Let i(a) = -a**3 + a - 7. What is i(0)?
-7
Let z(x) = x - 4. Calculate z(3).
-1
Let o(g) = -g**3 + 18*g**2 + 25*g - 109. Calculate o(19).
5
Let s(v) = v**2 - 6*v - 5. Determine s(3).
-14
Let j(g) = -51*g - 86. Give j(-2).
16
Let g(h) = -40*h - 425. What is g(-11)?
15
Let c(j) = -3*j**2 - 66*j + 8. Calculate c(-22).
8
Let i(t) = 2*t**2 - 38*t + 23. Determine i(17).
-45
Let t(h) = 25*h - 13. Give t(-3).
-88
Let r(q) = -2*q**2 + q + 8. Give r(-3).
-13
Let w(v) = -3*v**2 + 5*v + 76. Determine w(6).
-2
Let t(k) = 68*k + 3. Determine t(0).
3
Let b(l) = -20*l - 300. Calculate b(-15).
0
Let o(l) = -l**2 + 12. Calculate o(5).
-13
Let y(s) = -s**3 - 7*s**2 + 5*s - 11. Calculate y(-8).
13
Let n(u) = 5*u**2 + 5. Calculate n(-3).
50
Let d(o) = -4*o**3 + 3*o. What is d(-3)?
99
Let t(p) = p**3 + 2*p**2 + 14*p + 88. What is t(-4)?
0
Let c(k) = k**2 + 27*k - 62. Give c(-29).
-4
Let x(z) = -z**2 - z + 13. Give x(-8).
-43
Let q(l) = -l**3 - 5*l**2 + l + 5. Calculate q(-6).
35
Let u(d) = d**2 - 8*d - 12. What is u(10)?
8
Let u(g) = g**3 - 5*g**2 - 6*g + 2. Calculate u(4).
-38
Let r(a) = -a**2 + 5*a - 3. Give r(5).
-3
Let n(h) = h**3 - 6*h**2 - 10*h + 8. Calculate n(5).
-67
Let y(g) = -g**3 + 11*g**2 + g - 2. What is y(11)?
9
Let p(c) = 12*c - 2. Give p(0).
-2
Let m(n) = -n**2 - 10*n - 12. Calculate m(-2).
4
Let r(h) = 32*h + 180. What is r(-5)?
20
Let r(b) = b**2 - 2*b - 7. What is r(5)?
8
Let o(g) = g**2 + 22*g - 28. Calculate o(-23).
-5
Let z(v) = 3*v - 1. Give z(11).
32
Let m(w) = -2*w - 31. Calculate m(-13).
-5
Let q(f) = 3*f + 3. Give q(-13).
-36
Let j(c) = -c**2 + 3*c + 79. Calculate j(0).
79
Let f